ase 15.
9eaa6
-41553003 (base 6) to base 3
-2021121010010
Convert -3dd58d (base 14) to base 11.
-1239084
-1111001011110100001010 (base 2) to base 3
-21111020021221
Convert -101000011101111011 (base 2) to base 9.
-272332
4411020 (base 5) to base 14
1d876
Convert -557c3 (base 13) to base 6.
-3154112
-1221112200112 (base 3) to base 8
-3743756
What is 857d7 (base 14) in base 8?
1166061
Convert -17742a5 (base 14) to base 3.
-210210001112200
-42220535 (base 6) to base 5
-303401103
Convert -36620456 (base 7) to base 6.
-154204152
What is -2011211011110 (base 3) in base 16?
-11aa8c
-8844368 (base 11) to base 7
-245651015
Convert 1eede5 (base 16) to base 7.
23141365
6d8c8 (base 15) to base 12
14a3a5
What is 51b2b6 (base 12) in base 4?
10321203222
What is -6720a (base 14) in base 2?
-111101000011111010
What is 4e866 (base 15) in base 12?
101766
Convert 21631425 (base 7) to base 15.
2700e3
3314 (base 14) to base 5
240323
Convert -99679 (base 10) to base 12.
-49827
Convert 15a2e5 (base 15) to base 16.
ff983
Convert b182 (base 13) to base 9.
36467
Convert -75aa0 (base 14) to base 3.
-112110120122
Convert -1213120 (base 4) to base 7.
-25201
Convert -3501025 (base 7) to base 4.
-1222301200
-447d7 (base 16) to base 10
-280535
Convert -2353321 (base 6) to base 4.
-132033301
What is -5be1a7 (base 15) in base 11?
-2536907
-6cf39 (base 16) to base 10
-446265
What is 13805 (base 10) in base 5?
420210
Convert 15859a (base 12) to base 15.
73bd4
What is 202113132 (base 4) in base 2?
100010010111011110
-220761 (base 9) to base 4
-200030002
Convert -222120220 (base 3) to base 6.
-225423
Convert -80375 (base 11) to base 5.
-12230243
What is 442441 (base 5) in base 6?
155055
Convert 1528080 (base 9) to base 5.
204030322
Convert -c4bbb1 (base 13) to base 12.
-1657822
Convert 472122 (base 11) to base 10.
749498
68b4 (base 15) to base 8
53313
Convert 120701 (base 12) to base 13.
a2799
1011212112 (base 3) to base 11
16502
-b50a1 (base 15) to base 3
-1002011020121
799816 (base 10) to base 16
c3448
-20002101212210 (base 3) to base 6
-153205120
Convert 3113441 (base 7) to base 16.
5b2a1
1222143110 (base 5) to base 9
5452287
Convert -125677 (base 11) to base 9.
-331285
What is -b032a6 (base 12) in base 4?
-22131213132
What is -61631610 (base 8) in base 16?
-c73388
What is -13301001133 (base 4) in base 15?
-2a3307
Convert -47b8e (base 15) to base 6.
-4522542
What is -17a4 (base 14) in base 7?
-15264
Convert -11000010101111111011 (base 2) to base 11.
-4a5354
Convert -153820 (base 11) to base 7.
-2014330
What is 2baf7c (base 16) in base 14?
547500
Convert -15d2cf (base 16) to base 9.
-2618806
-505562 (base 7) to base 14
-234d9
Convert -2340321 (base 7) to base 3.
-120000022220
Convert -1635606 (base 7) to base 5.
-24241314
-c6fb0 (base 16) to base 11
-507381
Convert 37cc3 (base 14) to base 15.
2a8be
-135ba (base 13) to base 3
-1211120220
Convert 2b762 (base 16) to base 11.
111825
Convert -1111001101000001110 (base 2) to base 4.
-1321220032
-6147436 (base 8) to base 10
-1625886
Convert 652193 (base 11) to base 13.
2a6604
3289 (base 16) to base 2
11001010001001
What is 3404010 (base 6) in base 8?
517646
Convert 18d7b (base 15) to base 9.
132578
Convert 72316 (base 11) to base 10.
105529
-1146646 (base 7) to base 3
-21102212221
-1963223 (base 10) to base 16
-1df4d7
-1104142420 (base 5) to base 13
-665c77
Convert -4515521 (base 6) to base 3.
-102120212011
Convert -25504 (base 10) to base 16.
-63a0
Convert -2cd19 (base 15) to base 7.
-1141602
Convert -133212320 (base 4) to base 15.
-2855e
Convert 13010223 (base 4) to base 3.
1110202000
What is -120211202020120 (base 3) in base 7?
-131364231
Convert -253733 (base 8) to base 3.
-11110202021
-5016465 (base 9) to base 2
-1010001011011111101011
What is 1130204424 (base 5) in base 14?
4b40a1
Convert 1011101000011011111 (base 2) to base 15.
77e01
366a5 (base 14) to base 6
2503521
Convert 122482 (base 12) to base 3.
112221212222
Convert 1a100c (base 14) to base 2.
11100001110001000100
976846 (base 11) to base 15
20c785
Convert 430879 (base 11) to base 16.
a841d
-82041 (base 11) to base 3
-20002101100
What is 20080 (base 15) in base 14?
28d2a
What is 433ef (base 16) in base 12?
113493
-443865 (base 9) to base 7
-2153366
4202a (base 13) to base 8
347622
Convert 2453851 (base 9) to base 15.
1b5744
What is -232131222 (base 4) in base 13?
-68817
Convert -5413250 (base 6) to base 14.
-6d14a
-114434305 (base 6) to base 13
-5b5314
Convert 459de3 (base 16) to base 9.
8523386
What is -854a5 (base 15) in base 11?
-269832
Convert 2414306 (base 9) to base 6.
44015140
-14d2b (base 14) to base 10
-51979
199275 (base 13) to base 8
2362545
-10505123 (base 6) to base 14
-84855
Convert 1233205 (base 8) to base 16.
53685
What is -12121022022220 (base 3) in base 13?
-803769
Convert -29bc2 (base 13) to base 5.
-10011122
What is 1041403 (base 7) in base 5?
13042140
-111010110010110101 (base 2) to base 16
-3acb5
What is -174141 (base 10) in base 6?
-3422113
-13342153 (base 8) to base 12
-1007923
What is -8e36 (base 16) in base 3?
-1211221101
-1658bb1 (base 12) to base 4
-101202212311
What is 120020112220201 (base 3) in base 13?
18a8160
Convert 1022021212212 (base 3) to base 14.
141220
Convert -241274 (base 8) to base 11.
-5708a
44412411 (base 5) to base 4
1132312001
Convert -54302035 (base 6) to base 16.
-189167
What is 658153 (base 9) in base 14?
a335a
Convert 1546b4 (base 14) to base 7.
6210614
-101011011111000001000 (base 2) to base 3
-2200101121020
Convert -10623080 (base 9) to base 8.
-23517604
Convert 27b900 (base 13) to base 15.
141d1b
Convert 110010202022122 (base 3) to base 4.
120212333102
101100212210002 (base 3) to base 6
314024045
-a03d0 (base 14) to base 9
-646020
-10000011110010001001 (base 2) to base 12
-220461
What is -110064 (base 12) in base 4?
-1001311030
61278 (base 11) to base 16
15da0
Convert -4707680 (base 9) to base 8.
-11552200
3555998 (base 11) to base 5
3041412434
What is 494c2c (base 15) in base 14?
674cd1
33144230 (base 6) to base 9
1774070
Convert 2208993 (base 10) to base 14.
417053
-13211003 (base 5) to base 3
-20201002000
Convert -35a22 (base 12) to base 4.
-101221322
-361925 (base 10) to base 2
-1011000010111000101
What is -5502125 (base 6) in base 3?
-111211222222
-927075 (base 10) to base 15
-134a50
Convert -4b429 (base 13) to base 8.
-417562
What is 4036380 (base 9) in base 10?
2150136
What is 15919b (base 15) in base 14?
1d2298
Convert 182a1a (base 11) to base 3.
112022221010
Convert 1713317 (base 8) to base 4.
1321123033
Convert -106137 (base 10) to base 12.
-51509
Convert -35438 (base 13) to base 6.
-2030515
5171146 (base 8) to base 3
2120202002111
What is -b59c1 (base 15) in base 8?
-2144724
What is 553c43 (base 14) in base 10?
2891843
-18daa1 (base 15) to base 16
-12791b
Convert -83019 (base 12) to base 3.
-22200200210
-18575 (base 10) to base 5
-1043300
Convert 97844 (base 10) to base 4.
113320310
-231262 (base 13) to base 5
-203042014
-510454010 (base 6) to base 9
-17354666
Convert bc2943 (base 14) to base 11.
3670740
11660233 (base 9) to base 3
101202000021010
Convert 220312244 (base 5) to base 3.
1210011011121
What is 3484494 (base 10) in base 6?
202403530
What is 3015204 (base 6) in base 8?
426124
6574531 (base 9) to base 2
1101011110100101101111
Convert 22323033 (base 4) to base 8.
127317
What is -411254 (base 7) in base 15?
-15b8e
What is -2276481 (base 9) in base 4?
-10230230332
4204351 (base 6) to base 9
338634
-55543550 (base 6) to base 11
-a46688
What is 10001111000010100010100 (base 2) in base 15?
628b9e
Convert 1183940 (base 10) to base 15.
185be5
Convert 10110001001101111101110 (base 2) to base 11.
3306a4a
-5443152 (base 6) to base 3
-111201202112
What is -56a24 (base 11) in base 7?
-462212
What is a49c1 (base 13) in base 7?
2342124
Convert -18b024 (base 14) to base 16.
-d5b68
Convert 10130534 (base 6) to base 16.
473da
Convert -7757e (base 16) to base 9.
-824484
-35000 (base 7) to base 14
-3370
Convert d20cb (base 14) to base 3.
221122211111
Convert 720b4 (base 12) to base 15.
2e114
What is -2721a (base 16) in base 9?
-263771
2c755 (base 16) to base 4
230131111
What is -3054614 (base 8) in base 14?
-170d52
What is 100002100012 (base 3) in base 5?
21210403
-1213220421 (base 5) to base 15
-3b9726
-165530 (bas